{"id":43478,"date":"2005-12-20T14:38:21","date_gmt":"2005-12-20T13:38:21","guid":{"rendered":"https:\/\/grand-rechain.be\/cms\/2005-concours-de-facades-lumineuses-a-noel\/"},"modified":"2016-12-02T23:53:08","modified_gmt":"2016-12-02T22:53:08","slug":"2005-concours-de-facades-lumineuses-a-noel","status":"publish","type":"page","link":"https:\/\/grand-rechain.be\/cms\/2005-concours-de-facades-lumineuses-a-noel\/","title":{"rendered":"2005 &#8211; Concours de fa\u00e7ades lumineuses \u00e0 No\u00ebl"},"content":{"rendered":"ngg_shortcode_0_placeholder\n","protected":false},"excerpt":{"rendered":"","protected":false},"author":1,"featured_media":0,"parent":0,"menu_order":0,"comment_status":"closed","ping_status":"closed","template":"","meta":{"ngg_post_thumbnail":0,"footnotes":""},"class_list":["post-43478","page","type-page","status-publish","hentry"],"aioseo_notices":[],"_links":{"self":[{"href":"https:\/\/grand-rechain.be\/cms\/wp-json\/wp\/v2\/pages\/43478","targetHints":{"allow":["GET"]}}],"collection":[{"href":"https:\/\/grand-rechain.be\/cms\/wp-json\/wp\/v2\/pages"}],"about":[{"href":"https:\/\/grand-rechain.be\/cms\/wp-json\/wp\/v2\/types\/page"}],"author":[{"embeddable":true,"href":"https:\/\/grand-rechain.be\/cms\/wp-json\/wp\/v2\/users\/1"}],"replies":[{"embeddable":true,"href":"https:\/\/grand-rechain.be\/cms\/wp-json\/wp\/v2\/comments?post=43478"}],"version-history":[{"count":0,"href":"https:\/\/grand-rechain.be\/cms\/wp-json\/wp\/v2\/pages\/43478\/revisions"}],"wp:attachment":[{"href":"https:\/\/grand-rechain.be\/cms\/wp-json\/wp\/v2\/media?parent=43478"}],"curies":[{"name":"wp","href":"https:\/\/api.w.org\/{rel}","templated":true}]}}

2005 &#8211; Concours de façades lumineuses à Noël
